 What are the prime factors of t(0)?
2, 61
Let p(v) = -4*v - 23. Let a = 22 - 38. List the prime factors of p(a).
41
Let v = 145 - -10. What are the prime factors of v?
5, 31
Suppose 72 = 29*c - 25*c. List the prime factors of c.
2, 3
Suppose -3*p - 5*s + 6 = -6*p, 4*p - 5*s + 3 = 0. Let c = 2 - 5. List the prime factors of (2 + c/p)*3.
3
Let t(f) = 2*f - 18. Let y be t(12). Suppose y*o = 4*o + 40. List the prime factors of o.
2, 5
Suppose -50 = -5*m - 0*m. Let p(h) = 2*h + 21. What are the prime factors of p(m)?
41
Suppose 0 = -5*p - 5*a + 95, -5*p + a = -2*a - 119. What are the prime factors of p?
2, 11
Let z(q) = -q**3 - q**2 - 3*q + 100. List the prime factors of z(0).
2, 5
Let a(v) = v - 14. Let j be a(14). Suppose j = -2*u + 5*u - 105. List the prime factors of u.
5, 7
Let q = -16 + 9. Suppose 7*f - 2*f = 10. Let i = f - q. List the prime factors of i.
3
Let f(b) = -4*b**3. Let p be f(-1). Suppose 3*k + 2*d + 0*d - 107 = 0, 0 = k + p*d - 39. What are the prime factors of k?
5, 7
Let d(g) = -g + 22. Let n be d(13). Let i(s) = -s**3 + 10*s**2 - 6*s - 10. List the prime factors of i(n).
17
Suppose 2 = 10*b - 9*b. Let m(g) = 6*g**2 - g + 1. Let a be m(1). What are the prime factors of 63/a + 1/b?
11
Let u(v) = -v**3 + 12*v**2 + 12*v + 17. Let g be u(13). Let s(i) = i**2 - 2*i + 4. List the prime factors of s(g).
2, 3
Let x(r) = r + 7. Let v be x(-3). Suppose -v*t + 2*u + 16 = 0, -3*t + 22 = -0*u - 4*u. Suppose 8 = t*f - 0. List the prime factors of f.
2
Let a = -1 - -6. Suppose a*l = 6 + 9. List the prime factors of l.
3
Let i(z) = -z**2 + 7*z - 1. Let a be i(3). Let y be (12/10)/(-3)*-5. List the prime factors of y/a - (-714)/66.
11
Let u(b) = 7*b + 1. Suppose 2*i - 5*i + 18 = 0. List the prime factors of u(i).
43
Let g(f) = -72*f + 14. Let o be g(7). List the prime factors of (-2)/9 + o/(-18).
3
Let r(v) = v**3 + v**2 + 7*v - 21. What are the prime factors of r(7)?
2, 3, 5, 7
Suppose 0*c + 4*c - 48 = 0. Suppose 6*z + 5*u = 2*z + 28, 0 = -2*z + 4*u - c. List the prime factors of z.
2
Suppose -3*y = -0*y - 162. List the prime factors of y/4*(-6)/(-9).
3
Let s = -7 - -11. Suppose -4*c + s*v + 36 = 0, -5*v = -c - 1 + 6. List the prime factors of c.
2, 5
Suppose -3*c - 5*k + 53 = 0, -c - 2*k + 82 = 4*c. Suppose -4*l + 7*l + 6 = 0, 4*h - 5*l = 30. Suppose -p = h - c. What are the prime factors of p?
11
Let c = 22 - -23. List the prime factors of c.
3, 5
Suppose 20 = -2*s - 0*s. Let u = 20 + s. Suppose 3*f - 5*f + u = 0. List the prime factors of f.
5
Let s = -1 - 0. Let m(l) = 3*l - 6. Let o be m(3). Let g = s + o. What are the prime factors of g?
2
Let m(u) = -u**2 + 36*u + 48. List the prime factors of m(29).
251
Suppose -2*l + 4*u - 3*u + 55 = 0, -4*l - 2*u + 130 = 0. What are the prime factors of l?
2, 3, 5
Let f be (-1 - 0)/(4/(-12)). Let u = 3 - f. Suppose -q + 3*q - 18 = u. What are the prime factors of q?
3
Let d(t) = t**3 - 8*t**2 - 3*t + 1. Let u be d(9). Let s = 93 - u. What are the prime factors of s?
2, 19
Let k(q) = -q. Let p(h) = -8*h + 4. Let y(x) = -k(x) + p(x). List the prime factors of y(-3).
5
Let h be (-35)/(-20) - (-1)/4. Suppose -h*x - 3*x = 130. Let q = -14 - x. List the prime factors of q.
2, 3
Let w(j) = 44*j - 5. List the prime factors of w(2).
83
Suppose 6*r = 7*r - 40. What are the prime factors of r?
2, 5
Let d(i) = i - 3. Let w(a) = 2*a - 5. Suppose -9 + 51 = 3*j. Let m(c) = j*d(c) - 6*w(c). List the prime factors of m(9).
2, 3
Suppose -8*d + 22 = -7*d. What are the prime factors of d?
2, 11
Let p(b) = 5*b**2. What are the prime factors of p(-1)?
5
Suppose -1 = x - 4. List the prime factors of x/(-1) - (-12)/2.
3
Let f(o) = 7*o**2 + 2*o. List the prime factors of f(2).
2
Suppose 4*l - 150 = -46. List the prime factors of l.
2, 13
Let o be (-7 + -1)*(-15)/(-20). Let f = 12 + o. Suppose -g + 19 = -3*q, -4*g + q + f + 26 = 0. List the prime factors of g.
7
Suppose 2*l - 3*u + 2*u - 7 = 0, -3*l + u + 12 = 0. Suppose -k - l = y, -5*y = -0*k + k + 13. What are the prime factors of (k - -2)/(1/(-9))?
3
Let n = 13 - 8. Suppose 96 - 1 = n*d. What are the prime factors of d?
19
Suppose 3*y - 10 + 1 = 0. Let g be y + 0/(4/2). Suppose 0 = -3*q + g*k + 24, -4*q + 3*q = 5*k - 14. What are the prime factors of q?
3
Let y = 5 - 1. List the prime factors of y.
2
Let t be 1 + (-5)/(-2)*-2. Let z = t - -18. What are the prime factors of z?
2, 7
Let k(a) = 2*a + 12. Let t be k(-7). What are the prime factors of 21/(t - (-28)/8)?
2, 7
What are the prime factors of (-1808)/(-14) - 34/238?
3, 43
Let g = 27 - 16. Let h = -7 + g. Suppose -h = -2*v + 22. List the prime factors of v.
13
Suppose -117 = -s + 5*r, -2*s - 3*s + 643 = 4*r. List the prime factors of s.
127
Let a be (14/(-4))/((-5)/(-10)). Let d(y) = -y**2 - 9*y - 9. What are the prime factors of d(a)?
5
Suppose -2*l + 30 = l. Let g(r) = 11*r + 5. Let w be g(5). Suppose -4*b - w = -5*k, -k + 3 = -b - l. List the prime factors of k.
2
What are the prime factors of (-50)/(-225) + 230/18?
13
Suppose -2*z = -v - 10, 2*v = 6*v + 8. Suppose -z*c + 165 = c. List the prime factors of c.
3, 11
Let s(i) = i**2 + 6*i - 6. Let n(m) = 7*m**3 - 2*m**2 + 1. Let w be n(-1). List the prime factors of s(w).
2, 5
Let h = 1 + 2. What are the prime factors of ((-216)/45)/(h/(-10))?
2
Let p be (-1)/3 + (-7)/(-21). Suppose 6*w - 3*w + 4*i - 49 = p, -2*w = 3*i - 33. What are the prime factors of w?
3, 5
Suppose 3*p - 6 = 0, 4*w + 0*p - 2*p = 184. What are the prime factors of w?
47
List the prime factors of ((-266)/(-4))/((-1)/(-2)).
7, 19
Let i = -8 - -13. Suppose -83 + 8 = -i*v. What are the prime factors of v?
3, 5
Let r(q) = q - 6. Let t be r(0). Let u be (4/(8/t))/1. What are the prime factors of ((-1)/(-3))/(u/(-45))?
5
Let d(l) = l**3 + 7*l**2 - 5. Suppose -4*b + 10 - 38 = 0. Let x be d(b). List the prime factors of 4*(x/(-2) - -1).
2, 7
Let q be (-15)/2 - (-30)/20. Let z = q - -17. What are the prime factors of z?
11
Let z = 14 + -12. Let w = 19 - z. List the prime factors of w.
17
Suppose -332 = -t + 5*t. Let p = -57 - t. List the prime factors of p.
2, 13
Let o(z) = -z**3 + 4*z**2 + 7*z - 7. What are the prime factors of o(5)?
3
Suppose -4*u + 30 = 6. Suppose -2*i = 2*a, i - 2 = -u. List the prime factors of a.
2
What are the prime factors of (-2 + 1)/((5 - -2)/(-1575))?
3, 5
Let s = 7 - 11. Let v be (-2 + 0)/(2/s). Let j(r) = r - 1. List the prime factors of j(v).
3
Suppose -4*x + 10 = 5*q - 0, x = 3*q - 6. List the prime factors of x*(0 + 1) - -8.
2
Suppose 4*u - 5*p - 8 + 3 = 0, 2*p = 2*u - 2. Suppose 2*l + 3*z = 59, -5*l + u*z + 128 = z. What are the prime factors of l?
5
Let x = -119 - -31. What are the prime factors of (-15)/10*x/3?
2, 11
Let f(g) = g**2 - 3*g - 2. List the prime factors of f(4).
2
Suppose -42 + 10 = -4*x. Let f = x + -5. List the prime factors of f.
3
Let n(s) = s**3 + 7*s**2 - 2*s - 11. What are the prime factors of n(-7)?
3
Suppose 4*v - 3 = 5*m, -4*m - 20 = -5*v - m. Let r = 3 + v. What are the prime factors of r?
2, 5
Let t be (-2)/(3 - 2) - -4. Suppose t*l = -0*l + 4. What are the prime factors of l?
2
Let t(f) = -3*f + 1. Let n be t(-1). Suppose -5*u + 0*l + 42 = n*l, 0 = -2*u - 2*l + 16. What are the prime factors of u?
2, 5
Suppose 10 + 34 = -4*w. Let s(k) = -2*k - 9. List the prime factors of s(w).
13
Let x(k) = k**2 - 8*k - 11. Let d be x(10). Suppose -r + d = -0*r. List the prime factors of r.
3
Suppose 4*a - 614 = 5*r - 209, -4*r - 2*a = 350. Let u be ((-4)/5)/(2/r). Suppose -u - 6 = -5*g. What are the prime factors of g?
2
Let k = 82 + -52. Let b be (-6)/(-9)*k/1. Suppose 60 - b = 4*t. What are the prime factors of t?
2, 5
Suppose -2*l + 3*r + 29 = 8, 18 = l - 3*r. Suppose l*q = 4*c - 8 - 4, c - 3 = q. Suppose q = 5*y - 1 - 9. What are the prime factors of y?
2
Let r = -7 - 30. Let u = 65 + r. List the prime factors of u.
2, 7
Suppose -88 - 8 = -p. What are the prime factors of p?
2, 3
Let m = 25 - 10. Let p = m - 11. List the prime factors of p.
2
Let f(w) = -w**3 - 4*w**2 - 4*w - 3. Let g be f(-3). Suppose 5*u - 4*r = 6, g = 5*u - 0*r - r - 9. List the prime factors of u.
2
Let y = 3 + 1. Let c(x) = x**3 - 5*x**2 + 3*x + 9. What are the prime factors of c(y)?
5
Let a = 4 - -125. What are the prime factors of a?
3, 43
Let i be 1/3 + 17/3. Let h(k) = -2*